{"id":7009,"date":"2022-07-28T12:42:46","date_gmt":"2022-07-28T10:42:46","guid":{"rendered":"https:\/\/www.viamedsalud.com\/sanjose\/?page_id=7009"},"modified":"2025-02-20T12:21:32","modified_gmt":"2025-02-20T10:21:32","slug":"paciente-internacional","status":"publish","type":"page","link":"https:\/\/www.viamedsalud.com\/hospital-san-jose\/paciente-internacional\/","title":{"rendered":"Paciente Internacional"},"content":{"rendered":"<p><div class=\"fusion-fullwidth fullwidth-box fusion-builder-row-1 fusion-flex-container has-pattern-background has-mask-background hundred-percent-fullwidth non-hundred-percent-height-scrolling\" style=\"--awb-border-radius-top-left:0px;--awb-border-radius-top-right:0px;--awb-border-radius-bottom-right:0px;--awb-border-radius-bottom-left:0px;--awb-padding-right:0px;--awb-padding-bottom:0px;--awb-padding-left:0px;--awb-flex-wrap:wrap;\" ><div class=\"fusion-builder-row fusion-row fusion-flex-align-items-flex-start fusion-flex-content-wrap\" style=\"width:104% !important;max-width:104% !important;margin-left: calc(-4% \/ 2 );margin-right: calc(-4% \/ 2 );\"><div class=\"fusion-layout-column fusion_builder_column fusion-builder-column-0 fusion_builder_column_1_1 1_1 fusion-flex-column\" style=\"--awb-bg-size:cover;--awb-width-large:100%;--awb-margin-top-large:0px;--awb-spacing-right-large:1.92%;--awb-margin-bottom-large:0px;--awb-spacing-left-large:1.92%;--awb-width-medium:100%;--awb-order-medium:0;--awb-spacing-right-medium:1.92%;--awb-spacing-left-medium:1.92%;--awb-width-small:100%;--awb-order-small:0;--awb-spacing-right-small:1.92%;--awb-spacing-left-small:1.92%;\" data-scroll-devices=\"small-visibility,medium-visibility,large-visibility\"><div class=\"fusion-column-wrapper fusion-column-has-shadow fusion-flex-justify-content-flex-start fusion-content-layout-column\"><!--  SLIDER  -->\n<div id=\"img-content\">\n\t<div class=\"img-page_title quienes-somos-title\" style=\"background-image: linear-gradient(to right, #27aae1c4 35%, rgba(255, 0, 0, 0) 55%), url(\/wp-content\/uploads\/sites\/3\/2024\/11\/paciente-internacional.jpg);border-bottom: 8px solid #27aae1;\">\n\t\t<div class=\"img-page-title-row\">\n\t\t\t<div class=\"img-page-title-wrapper\">\n\t\t\t\t<div class=\"img-page-title-captions\" style=\"display: block;text-align: left;\">\n\t\t\t\t\t<h1 class=\"title fusion-responsive-typography-calculated\" style=\"width: 40%; padding-left: 30px; font-size: 70px;line-height: initial;font-style: normal !important;color: white !important;--fontSize: 34;\" data-fontsize=\"70\" data-lineheight=\"normal\">PACIENTE INTERNACIONAL<\/h1>\n\t\t\t\t<\/div>\n\t\t\t<\/div>\n\t\t<\/div>\n\t<\/div>\n<\/div><\/div><\/div><\/div><\/div><div class=\"fusion-fullwidth fullwidth-box fusion-builder-row-2 fusion-flex-container has-pattern-background has-mask-background nonhundred-percent-fullwidth non-hundred-percent-height-scrolling\" style=\"--awb-border-radius-top-left:0px;--awb-border-radius-top-right:0px;--awb-border-radius-bottom-right:0px;--awb-border-radius-bottom-left:0px;--awb-padding-top:60px;--awb-padding-right:0px;--awb-padding-bottom:10px;--awb-padding-left:0px;--awb-padding-top-medium:50px;--awb-padding-bottom-medium:50px;--awb-padding-top-small:35px;--awb-padding-right-small:0%;--awb-padding-bottom-small:35px;--awb-padding-left-small:0%;--awb-flex-wrap:wrap;\" ><div class=\"fusion-builder-row fusion-row fusion-flex-align-items-flex-start fusion-flex-content-wrap\" style=\"max-width:1248px;margin-left: calc(-4% \/ 2 );margin-right: calc(-4% \/ 2 );\"><div class=\"fusion-layout-column fusion_builder_column fusion-builder-column-1 fusion_builder_column_1_1 1_1 fusion-flex-column\" style=\"--awb-bg-size:cover;--awb-width-large:100%;--awb-margin-top-large:0px;--awb-spacing-right-large:1.92%;--awb-margin-bottom-large:0px;--awb-spacing-left-large:1.92%;--awb-width-medium:100%;--awb-order-medium:0;--awb-spacing-right-medium:1.92%;--awb-spacing-left-medium:1.92%;--awb-width-small:100%;--awb-order-small:0;--awb-spacing-right-small:0px;--awb-spacing-left-small:0px;\"><div class=\"fusion-column-wrapper fusion-column-has-shadow fusion-flex-justify-content-flex-start fusion-content-layout-column\"><section id=\"paciente-internacional\" class=\"container-fluid\">\n    <div class=\"row\">\n\n        <div class=\"col-12 col-md-4 col-lg-3 mb-4\">\n            <ul class=\"flex-column align-items-center nav nav-tabs\" role=\"tablist\">\n                <li class=\"nav-item\" role=\"presentation\">\n                    <button class=\"nav-link active\" id=\"espanol-tab\" data-bs-toggle=\"tab\" data-bs-target=\"#espanol-paciente\" type=\"button\" role=\"tab\" aria-controls=\"espanol-paciente\" aria-selected=\"true\">Espa\u00f1ol<\/button>\n                <\/li>\n                <li class=\"nav-item\" role=\"presentation\">\n                    <button class=\"nav-link\" id=\"english-tab\" data-bs-toggle=\"tab\" data-bs-target=\"#english-paciente\" type=\"button\" role=\"tab\" aria-controls=\"english-paciente\" aria-selected=\"false\" tabindex=\"-1\">English<\/button>\n                <\/li>\n                <li class=\"nav-item\" role=\"presentation\">\n                    <button class=\"nav-link\" id=\"fran\u00e7aise-tab\" data-bs-toggle=\"tab\" data-bs-target=\"#fran\u00e7aise-paciente\" type=\"button\" role=\"tab\" aria-controls=\"fran\u00e7aise-paciente\" aria-selected=\"false\" tabindex=\"-1\">Fran\u00e7aise<\/button>\n                <\/li>\n                <li class=\"nav-item\" role=\"presentation\">\n                    <button class=\"nav-link\" id=\"deutsch-tab\" data-bs-toggle=\"tab\" data-bs-target=\"#deutsch-paciente\" type=\"button\" role=\"tab\" aria-controls=\"deutsch-paciente\" aria-selected=\"false\" tabindex=\"-1\">Deutsch<\/button>\n                <\/li>\n            <\/ul>\n        <\/div>\n\n        <div class=\"col-12 col-md-8 col-lg-9 p-0\">\n            <div class=\"tab-content\">\n                <!-- Espa\u00f1ol -->\n                <div class=\"tab-pane fade active show\" id=\"espanol-paciente\" role=\"tabpanel\" aria-labelledby=\"espanol-tab\">\n                    <div class=\"container-fluid\">\n                        <div class=\"row\">\n                            <div class=\"col-12 col-md-6\">\n                                <p>Los hospitales Viamed contamos con una unidad especial para el paciente internacional, donde ofrecemos una cobertura m\u00e9dica integral adem\u00e1s de ayudar y ofrecer apoyo con la admisi\u00f3n de pacientes, programaci\u00f3n de citas, interpretaci\u00f3n de resultados y soporte en toda la gesti\u00f3n administrativa con la compa\u00f1\u00eda.<\/p>\n                                <p>Este servicio est\u00e1 dirigido a aquellos pacientes internacionales que se encuentran en nuestro pa\u00eds por trabajo, turismo o educaci\u00f3n y necesitan una atenci\u00f3n personalizada en su idioma, para que su estancia en el hospital sea lo m\u00e1s c\u00f3moda y r\u00e1pida posible.<\/p>\n                            <\/div>\n\n                            <div class=\"col-12 col-md-6\">\n                                <p>Nuestro equipo de profesionales, realizar\u00e1 un acompa\u00f1amiento al paciente y la familia durante todo el proceso de atenci\u00f3n m\u00e9dica.<\/p>\n                                <p>Ofrecemos urgencias 24 horas los 365 d\u00edas del a\u00f1o, as\u00ed como consultas externas, pruebas diagn\u00f3sticas, cirug\u00eda y hospitalizaci\u00f3n.<\/p>\n                                <p>En Viamed Salud estamos concertados con las principales aseguradoras internacionales.<\/p>\n                            <\/div>\n                        <\/div>\n                    <\/div>\n                <\/div>\n\n                <!-- English -->\n                <div class=\"tab-pane fade\" id=\"english-paciente\" role=\"tabpanel\" aria-labelledby=\"english-tab\">\n                    <div class=\"container-fluid\">\n                        <div class=\"row\">\n                            <div class=\"col-12 col-md-6\">\n                                <p>Viamed Hospitals have a special unit for international patients, where we offer comprehensive medical services in addition to helping and providing support with patient admissions, scheduling appointments, interpreting results, and offering support for all administrative procedures with the company.<\/p>\n                                <p>This service is aimed at international patients who are in our country for work, on holiday, or studying, and who feel more comfortable talking to healthcare providers in their own language, ensuring their stay at the hospital is as comfortable and brief as possible.<\/p>\n                            <\/div>\n\n                            <div class=\"col-12 col-md-6\">\n                                <p>Our team of professionals will support the patient and their family throughout the healthcare process.<\/p>\n                                <p>We offer emergency services 24 hours a day, 365 days a year, as well as outpatient consultations, diagnostic tests, surgery, and hospitalisation.<\/p>\n                                <p>Viamed Salud works with all major international insurers.<\/p>\n                            <\/div>\n                        <\/div>\n                    <\/div>\n                <\/div>\n\n                <!-- Fran\u00e7aise -->\n                <div class=\"tab-pane fade\" id=\"fran\u00e7aise-paciente\" role=\"tabpanel\" aria-labelledby=\"fran\u00e7aise-tab\">\n                    <div class=\"container-fluid\">\n                        <div class=\"row\">\n                            <div class=\"col-12 col-md-6\">\n                                <p>Les h\u00f4pitaux Viamed disposent d\u2019un service sp\u00e9cial pour accueillir les patients internationaux, o\u00f9 ils peuvent b\u00e9n\u00e9ficier d\u2019une couverture m\u00e9dicale int\u00e9grale, ainsi qu\u2019une assistance \u00e0 l\u2019admission, la prise de rendez-vous, l\u2019interpr\u00e9tation des r\u00e9sultats et la gestion administrative avec la compagnie.<\/p>\n                                <p>Ce service est r\u00e9serv\u00e9 aux patients internationaux se trouvant dans notre pays en travail, tourisme ou pour des \u00e9tudes et qui n\u00e9cessitent un accueil personnalis\u00e9 dans leur langue, afin que leur s\u00e9jour \u00e0 l\u2019h\u00f4pital soit le plus confortable et court possible.<\/p>\n                            <\/div>\n\n                            <div class=\"col-12 col-md-6\">\n                                <p>Notre \u00e9quipe de professionnels se chargera du suivi du patient et de sa famille pendant tout le processus de traitement m\u00e9dical.<\/p>\n                                <p>Nous assurons un accueil d\u2019urgences 24 h \/24, 365 jours par an, ainsi que des consultations externes, des tests diagnostics, des interventions chirurgicales et des hospitalisations.<\/p>\n                                <p>Viamed Sant\u00e9 collabore avec les principales compagnies d\u2019assurance internationales.<\/p>\n                            <\/div>\n                        <\/div>\n                    <\/div>\n                <\/div>\n\n                <!-- Deutsch -->\n                <div class=\"tab-pane fade\" id=\"deutsch-paciente\" role=\"tabpanel\" aria-labelledby=\"deutsch-tab\">\n                    <div class=\"container-fluid\">\n                        <div class=\"row\">\n                            <div class=\"col-12 col-md-6\">\n                                <p>Die Viamed-Krankenh\u00e4user verf\u00fcgen \u00fcber eine spezielle Abteilung f\u00fcr internationale Patienten, in der wir neben einer umfassenden medizinischen Versorgung auch Hilfe und Unterst\u00fctzung bei der Aufnahme von Patienten, der Terminvergabe, der Auswertung von Befunden und der Unterst\u00fctzung bei der gesamten administrativen Abwicklung mit dem Unternehmen anbieten.<\/p>\n                                <p>Dieser Dienst richtet sich an internationale Patienten, die sich zu Arbeits-, Tourismus- oder Ausbildungszwecken in unserem Land aufhalten und eine pers\u00f6nliche Betreuung in ihrer eigenen Sprache ben\u00f6tigen, damit ihr Krankenhausaufenthalt so angenehm und schnell wie m\u00f6glich verl\u00e4uft.<\/p>\n                            <\/div>\n\n                            <div class=\"col-12 col-md-6\">\n                                <p>Unser Team von Fachleuten begleitet die Patienten und ihre Familien w\u00e4hrend des gesamten medizinischen Versorgungsprozesses.<\/p>\n                                <p>Wir bieten eine 24-Stunden-Notfallversorgung an 365 Tagen im Jahr sowie ambulante Konsultationen, diagnostische Tests, Operationen und Krankenhausaufenthalte.<\/p>\n                                <p>Wir von Viamed Salud haben Vereinbarungen mit den wichtigsten internationalen Versicherungsgesellschaften.<\/p>\n                            <\/div>\n                        <\/div>\n                    <\/div>\n                <\/div>\n                \n            <\/div>\n        <\/div>\n    <\/div>\n<\/section><\/div><\/div><\/div><\/div><div class=\"fusion-fullwidth fullwidth-box fusion-builder-row-3 fusion-flex-container has-pattern-background has-mask-background nonhundred-percent-fullwidth non-hundred-percent-height-scrolling\" style=\"--awb-border-radius-top-left:0px;--awb-border-radius-top-right:0px;--awb-border-radius-bottom-right:0px;--awb-border-radius-bottom-left:0px;--awb-padding-top:30px;--awb-padding-right:0px;--awb-padding-bottom:30px;--awb-padding-left:10%;--awb-padding-top-medium:0px;--awb-padding-bottom-medium:50px;--awb-padding-left-medium:4%;--awb-padding-right-small:0%;--awb-padding-bottom-small:25px;--awb-padding-left-small:0%;--awb-margin-top:0px;--awb-flex-wrap:wrap;--awb-flex-wrap-small:wrap;\" ><div class=\"fusion-builder-row fusion-row fusion-flex-align-items-center fusion-flex-content-wrap\" style=\"max-width:1248px;margin-left: calc(-4% \/ 2 );margin-right: calc(-4% \/ 2 );\"><div class=\"fusion-layout-column fusion_builder_column fusion-builder-column-2 fusion_builder_column_1_1 1_1 fusion-flex-column controler-dimensiones-pequena\" style=\"--awb-z-index:0;--awb-bg-size:cover;--awb-width-large:100%;--awb-margin-top-large:0px;--awb-spacing-right-large:0px;--awb-margin-bottom-large:0px;--awb-spacing-left-large:0px;--awb-width-medium:100%;--awb-order-medium:0;--awb-margin-top-medium:0px;--awb-spacing-right-medium:1.92%;--awb-margin-bottom-medium:0px;--awb-spacing-left-medium:1.92%;--awb-width-small:100%;--awb-order-small:0;--awb-spacing-right-small:2.88%;--awb-spacing-left-small:3.84%;\" data-scroll-devices=\"small-visibility,medium-visibility,large-visibility\"><div class=\"fusion-column-wrapper fusion-column-has-shadow fusion-flex-justify-content-flex-start fusion-content-layout-column\"><div class=\"hospital_map\">\n\t<span class=\"nuestro-centro-span paciente-internacional-div-container\">Hospitales que ofrecen servicios al paciente internacional<\/span>\n\t<div class=\"div-line\"><\/div>\n<\/div><\/div><\/div><\/div><\/div><div class=\"fusion-fullwidth fullwidth-box fusion-builder-row-4 fusion-flex-container has-pattern-background has-mask-background hundred-percent-fullwidth non-hundred-percent-height-scrolling\" style=\"--awb-border-radius-top-left:0px;--awb-border-radius-top-right:0px;--awb-border-radius-bottom-right:0px;--awb-border-radius-bottom-left:0px;--awb-padding-top:20px;--awb-padding-right:5%;--awb-padding-bottom:20px;--awb-padding-left:5%;--awb-flex-wrap:wrap;\" ><div class=\"fusion-builder-row fusion-row fusion-flex-align-items-flex-start fusion-flex-justify-content-center fusion-flex-content-wrap\" style=\"width:104% !important;max-width:104% !important;margin-left: calc(-4% \/ 2 );margin-right: calc(-4% \/ 2 );\"><div class=\"fusion-layout-column fusion_builder_column fusion-builder-column-3 fusion_builder_column_1_3 1_3 fusion-flex-column\" style=\"--awb-bg-size:cover;--awb-width-large:33.333333333333%;--awb-margin-top-large:0px;--awb-spacing-right-large:5.76%;--awb-margin-bottom-large:60px;--awb-spacing-left-large:5.76%;--awb-width-medium:50%;--awb-order-medium:0;--awb-spacing-right-medium:3.84%;--awb-spacing-left-medium:3.84%;--awb-width-small:100%;--awb-order-small:0;--awb-spacing-right-small:1.92%;--awb-spacing-left-small:1.92%;\" data-scroll-devices=\"small-visibility,medium-visibility,large-visibility\"><div class=\"fusion-column-wrapper fusion-column-has-shadow fusion-flex-justify-content-flex-start fusion-content-layout-column\"><div id=\"card-hospital-list\">\n    <div class=\"card-hospital-foto\">\n        <img decoding=\"async\" src=\"\/wp-content\/uploads\/2024\/11\/hospital-novo-fachada.jpg\" \/>\n    <\/div>\n\n    <div class=\"card-hospital-texto\">\n        <p class=\"titulo-hospital\">Hospital Viamed Novo Sancti Petri<\/p>\n        <p class=\"direccion-hospital\">Urb. Novo Santi Petri Av. Octavio Augusto, s\/n, Chiclana de la Frontera, C\u00e1diz<\/p>\n        <div class=\"mas-info-hospital\">\n            <a class=\"telefono\" href=\"tel:956495000\">956 495 000<\/a>\n            <a class=\"visitar-web\" href=\"https:\/\/www.viamedsalud.com\/hospital-novo-sancti-petri\/\">Visita la web<\/a>\n        <\/div>\n    <\/div>\n<\/div><\/div><\/div><div class=\"fusion-layout-column fusion_builder_column fusion-builder-column-4 fusion_builder_column_1_3 1_3 fusion-flex-column\" style=\"--awb-bg-size:cover;--awb-width-large:33.333333333333%;--awb-margin-top-large:0px;--awb-spacing-right-large:5.76%;--awb-margin-bottom-large:60px;--awb-spacing-left-large:5.76%;--awb-width-medium:50%;--awb-order-medium:1;--awb-spacing-right-medium:3.84%;--awb-spacing-left-medium:3.84%;--awb-width-small:100%;--awb-order-small:0;--awb-spacing-right-small:1.92%;--awb-spacing-left-small:1.92%;\" data-scroll-devices=\"small-visibility,medium-visibility,large-visibility\"><div class=\"fusion-column-wrapper fusion-column-has-shadow fusion-flex-justify-content-flex-start fusion-content-layout-column\"><div id=\"card-hospital-list\">\n    <div class=\"card-hospital-foto\">\n        <img decoding=\"async\" src=\"\/wp-content\/uploads\/2024\/11\/hospital-cadiz-fachada.jpg\" \/>\n    <\/div>\n\n    <div class=\"card-hospital-texto\">\n        <p class=\"titulo-hospital\">Hospital Viamed Bah\u00eda de C\u00e1diz<\/p>\n        <p class=\"direccion-hospital\">C\/ Arroyuelo, Chiclana de la Fra., C\u00e1diz<\/p>\n        <div class=\"mas-info-hospital\">\n            <a class=\"telefono\" href=\"tel:956533333\">956 533 333<\/a>\n            <a class=\"visitar-web\" href=\"https:\/\/www.viamedsalud.com\/hospital-bahia-de-cadiz\/\">Visita la web<\/a>\n        <\/div>\n    <\/div>\n<\/div><\/div><\/div><div class=\"fusion-layout-column fusion_builder_column fusion-builder-column-5 fusion_builder_column_1_3 1_3 fusion-flex-column\" style=\"--awb-bg-size:cover;--awb-width-large:33.333333333333%;--awb-margin-top-large:0px;--awb-spacing-right-large:5.76%;--awb-margin-bottom-large:60px;--awb-spacing-left-large:5.76%;--awb-width-medium:50%;--awb-order-medium:3;--awb-spacing-right-medium:3.84%;--awb-spacing-left-medium:3.84%;--awb-width-small:100%;--awb-order-small:0;--awb-spacing-right-small:1.92%;--awb-spacing-left-small:1.92%;\" data-scroll-devices=\"small-visibility,medium-visibility,large-visibility\"><div class=\"fusion-column-wrapper fusion-column-has-shadow fusion-flex-justify-content-flex-start fusion-content-layout-column\"><div id=\"card-hospital-list\">\n    <div class=\"card-hospital-foto\">\n        <img decoding=\"async\" src=\"\/wp-content\/uploads\/2024\/11\/hospital-angela-fachada.jpg\" \/>\n    <\/div>\n\n    <div class=\"card-hospital-texto\">\n        <p class=\"titulo-hospital\">Hospital Viamed Santa \u00c1ngela de la Cruz<\/p>\n        <p class=\"direccion-hospital\">Avda. de Jerez, 59, Sevilla<\/p>\n        <div class=\"mas-info-hospital\">\n            <a class=\"telefono\" href=\"tel:954032000\">954 032 000<\/a>\n            <a class=\"visitar-web\" href=\"https:\/\/www.viamedsalud.com\/hospital-santa-angela-de-la-cruz\/\">Visita la web<\/a>\n        <\/div>\n    <\/div>\n<\/div><\/div><\/div><div class=\"fusion-layout-column fusion_builder_column fusion-builder-column-6 fusion_builder_column_1_3 1_3 fusion-flex-column\" style=\"--awb-bg-size:cover;--awb-width-large:33.333333333333%;--awb-margin-top-large:0px;--awb-spacing-right-large:5.76%;--awb-margin-bottom-large:60px;--awb-spacing-left-large:5.76%;--awb-width-medium:50%;--awb-order-medium:2;--awb-spacing-right-medium:3.84%;--awb-spacing-left-medium:3.84%;--awb-width-small:100%;--awb-order-small:0;--awb-spacing-right-small:1.92%;--awb-spacing-left-small:1.92%;\" data-scroll-devices=\"small-visibility,medium-visibility,large-visibility\"><div class=\"fusion-column-wrapper fusion-column-has-shadow fusion-flex-justify-content-flex-start fusion-content-layout-column\"><div id=\"card-hospital-list\">\n    <div class=\"card-hospital-foto\">\n        <img decoding=\"async\" src=\"\/wp-content\/uploads\/2024\/11\/hospital-san-jose-fachada.jpg\" \/>\n    <\/div>\n\n    <div class=\"card-hospital-texto\">\n        <p class=\"titulo-hospital\">Hospital Viamed San Jos\u00e9<\/p>\n        <p class=\"direccion-hospital\">C\/ Maestra Lola Meseguer, s\/n, Alcantarilla, Murcia<\/p>\n        <div class=\"mas-info-hospital\">\n            <a class=\"telefono\" href=\"tel:968800600\">968 800 600<\/a>\n            <a class=\"visitar-web\" href=\"https:\/\/www.viamedsalud.com\/hospital-san-jose\/\">Visita la web<\/a>\n        <\/div>\n    <\/div>\n<\/div><\/div><\/div><div class=\"fusion-layout-column fusion_builder_column fusion-builder-column-7 fusion_builder_column_1_3 1_3 fusion-flex-column\" style=\"--awb-bg-size:cover;--awb-width-large:33.333333333333%;--awb-margin-top-large:0px;--awb-spacing-right-large:5.76%;--awb-margin-bottom-large:60px;--awb-spacing-left-large:5.76%;--awb-width-medium:50%;--awb-order-medium:0;--awb-spacing-right-medium:3.84%;--awb-spacing-left-medium:3.84%;--awb-width-small:100%;--awb-order-small:0;--awb-spacing-right-small:1.92%;--awb-spacing-left-small:1.92%;\" data-scroll-devices=\"small-visibility,medium-visibility,large-visibility\"><div class=\"fusion-column-wrapper fusion-column-has-shadow fusion-flex-justify-content-flex-start fusion-content-layout-column\"><div id=\"card-hospital-list\">\n    <div class=\"card-hospital-foto\">\n        <img decoding=\"async\" src=\"\/wp-content\/uploads\/2024\/11\/hospital-monegal-fachada.jpg\" \/>\n    <\/div>\n\n    <div class=\"card-hospital-texto\">\n        <p class=\"titulo-hospital\">Hospital Viamed Monegal<\/p>\n        <p class=\"direccion-hospital\">C\/ L\u00f3pez Pel\u00e1ez, 15-17, Tarragona<\/p>\n        <div class=\"mas-info-hospital\">\n            <a class=\"telefono\" href=\"tel:977225012\">977 225 012<\/a>\n            <a class=\"visitar-web\" href=\"https:\/\/www.viamedsalud.com\/hospital-monegal\/\">Visita la web<\/a>\n        <\/div>\n    <\/div>\n<\/div><\/div><\/div><\/div><\/div><div class=\"fusion-fullwidth fullwidth-box fusion-builder-row-5 fusion-flex-container has-pattern-background has-mask-background nonhundred-percent-fullwidth non-hundred-percent-height-scrolling\" style=\"--awb-border-radius-top-left:0px;--awb-border-radius-top-right:0px;--awb-border-radius-bottom-right:0px;--awb-border-radius-bottom-left:0px;--awb-padding-top:15px;--awb-padding-bottom:60px;--awb-flex-wrap:wrap;--awb-flex-wrap-small:wrap;\" ><div class=\"fusion-builder-row fusion-row fusion-flex-align-items-center fusion-flex-justify-content-center fusion-flex-content-wrap\" style=\"max-width:1248px;margin-left: calc(-4% \/ 2 );margin-right: calc(-4% \/ 2 );\"><div class=\"fusion-layout-column fusion_builder_column fusion-builder-column-8 fusion-flex-column fusion-flex-align-self-center\" style=\"--awb-bg-size:cover;--awb-width-large:30%;--awb-margin-top-large:0px;--awb-spacing-right-large:6.4%;--awb-margin-bottom-large:0px;--awb-spacing-left-large:6.4%;--awb-width-medium:50%;--awb-order-medium:0;--awb-spacing-right-medium:3.84%;--awb-margin-bottom-medium:0px;--awb-spacing-left-medium:3.84%;--awb-width-small:100%;--awb-order-small:0;--awb-spacing-right-small:1.92%;--awb-margin-bottom-small:35px;--awb-spacing-left-small:1.92%;\" data-scroll-devices=\"small-visibility,medium-visibility,large-visibility\"><div class=\"fusion-column-wrapper fusion-column-has-shadow fusion-flex-justify-content-center fusion-content-layout-column\"><div class=\"button-container-paciente-internacional\">\n  <a href=\"\/hospital-san-jose\/especialidades\/\" class=\"especialista-icono\">\n      <img decoding=\"async\" src=\"\/wp-content\/uploads\/header\/icono-cita.svg\" width=\"65px\">\n      <p class=\"m-0\">Busca tu especialista<\/p>\n  <\/a>\n<\/div><\/div><\/div><div class=\"fusion-layout-column fusion_builder_column fusion-builder-column-9 fusion-flex-column\" style=\"--awb-bg-size:cover;--awb-width-large:30%;--awb-margin-top-large:0px;--awb-spacing-right-large:6.4%;--awb-margin-bottom-large:0px;--awb-spacing-left-large:6.4%;--awb-width-medium:50%;--awb-order-medium:0;--awb-spacing-right-medium:3.84%;--awb-spacing-left-medium:3.84%;--awb-width-small:100%;--awb-order-small:0;--awb-spacing-right-small:1.92%;--awb-spacing-left-small:1.92%;\" data-scroll-devices=\"small-visibility,medium-visibility,large-visibility\"><div class=\"fusion-column-wrapper fusion-column-has-shadow fusion-flex-justify-content-flex-start fusion-content-layout-column\"><div class=\"button-container-paciente-internacional\">\n  <a href=\"\/hospital-san-jose\/cita-online\/\" class=\"especialista-icono\">\n      <img decoding=\"async\" src=\"\/wp-content\/uploads\/header\/icono-movil-fecha.svg\" width=\"65px\">\n      <p class=\"m-0\">Solicita cita online<\/p>\n  <\/a>\n<\/div><\/div><\/div><\/div><\/div><\/p>\n","protected":false},"excerpt":{"rendered":"","protected":false},"author":1,"featured_media":0,"parent":0,"menu_order":0,"comment_status":"closed","ping_status":"closed","template":"100-width.php","meta":{"_acf_changed":false,"footnotes":""},"class_list":["post-7009","page","type-page","status-publish","hentry"],"acf":[],"aioseo_notices":[],"_links":{"self":[{"href":"https:\/\/www.viamedsalud.com\/hospital-san-jose\/wp-json\/wp\/v2\/pages\/7009","targetHints":{"allow":["GET"]}}],"collection":[{"href":"https:\/\/www.viamedsalud.com\/hospital-san-jose\/wp-json\/wp\/v2\/pages"}],"about":[{"href":"https:\/\/www.viamedsalud.com\/hospital-san-jose\/wp-json\/wp\/v2\/types\/page"}],"author":[{"embeddable":true,"href":"https:\/\/www.viamedsalud.com\/hospital-san-jose\/wp-json\/wp\/v2\/users\/1"}],"replies":[{"embeddable":true,"href":"https:\/\/www.viamedsalud.com\/hospital-san-jose\/wp-json\/wp\/v2\/comments?post=7009"}],"version-history":[{"count":2,"href":"https:\/\/www.viamedsalud.com\/hospital-san-jose\/wp-json\/wp\/v2\/pages\/7009\/revisions"}],"predecessor-version":[{"id":10295,"href":"https:\/\/www.viamedsalud.com\/hospital-san-jose\/wp-json\/wp\/v2\/pages\/7009\/revisions\/10295"}],"wp:attachment":[{"href":"https:\/\/www.viamedsalud.com\/hospital-san-jose\/wp-json\/wp\/v2\/media?parent=7009"}],"curies":[{"name":"wp","href":"https:\/\/api.w.org\/{rel}","templated":true}]}}