{"id":2290,"date":"2021-05-06T10:36:12","date_gmt":"2021-05-06T08:36:12","guid":{"rendered":"https:\/\/www.viamedsalud.com\/sanjose\/?page_id=2290"},"modified":"2025-02-24T14:01:51","modified_gmt":"2025-02-24T12:01:51","slug":"infodatos","status":"publish","type":"page","link":"https:\/\/www.viamedsalud.com\/hospital-san-jose\/infodatos\/","title":{"rendered":"Informaci\u00f3n b\u00e1sica protecci\u00f3n de datos"},"content":{"rendered":"<div class=\"fusion-fullwidth fullwidth-box fusion-builder-row-1 fusion-flex-container nonhundred-percent-fullwidth non-hundred-percent-height-scrolling\" style=\"--awb-border-radius-top-left:0px;--awb-border-radius-top-right:0px;--awb-border-radius-bottom-right:0px;--awb-border-radius-bottom-left:0px;--awb-flex-wrap:wrap;\" ><div class=\"fusion-builder-row fusion-row fusion-flex-align-items-flex-start fusion-flex-content-wrap\" style=\"max-width:1248px;margin-left: calc(-4% \/ 2 );margin-right: calc(-4% \/ 2 );\"><div class=\"fusion-layout-column fusion_builder_column fusion-builder-column-0 fusion-flex-column\" style=\"--awb-bg-size:cover;--awb-width-large:20%;--awb-margin-top-large:0px;--awb-spacing-right-large:9.6%;--awb-margin-bottom-large:20px;--awb-spacing-left-large:9.6%;--awb-width-medium:100%;--awb-order-medium:0;--awb-spacing-right-medium:1.92%;--awb-spacing-left-medium:1.92%;--awb-width-small:100%;--awb-order-small:0;--awb-spacing-right-small:1.92%;--awb-spacing-left-small:1.92%;\"><div class=\"fusion-column-wrapper fusion-column-has-shadow fusion-flex-justify-content-flex-start fusion-content-layout-column\"><nav class=\"legal-menu\">\n     <ul style=\"list-style-type: none; padding-inline-start: 0px;\">\n         <li><a href=\"#Tratamiento\" class=\"active fusion-one-page-text-link\">1. RESPONSABLE DEL TRATAMIENTO<\/a><\/li>\n         <li><a href=\"#Proteccion\" class=\"fusion-one-page-text-link\">2. DELEGADO DE PROTECCI\u00d3N DE DATOS<\/a><\/li>\n         <li><a href=\"#Tratamientos\" class=\"fusion-one-page-text-link\">3. TRATAMIENTOS NECESARIOS PARA LA ASISTENCIA Y GESTI\u00d3N SANITARIA <\/a><\/li>\n         <li><a href=\"#Finalidad_adicional\" class=\"fusion-one-page-text-link\">4. FINALIDADES ADICIONALES<\/a><\/li>\n         <li><a href=\"#Tratamientos_opcionales\" class=\"fusion-one-page-text-link\">5. TRATAMIENTOS OPCIONALES<\/a><\/li>\n         <li><a href=\"#Forma_obtencion\" class=\"fusion-one-page-text-link\">6. FORMAS DE OBTENCI\u00d3N<\/a><\/li>\n         <li><a href=\"#Derechos_Interesado\" class=\"fusion-one-page-text-link\">7. DERECHOS DE LOS INTERESADOS<\/a><\/li>\n         <li><a href=\"#Version\" class=\"fusion-one-page-text-link\">8. VERSI\u00d3N<\/a><\/li>\n     <\/ul>\n <\/nav><\/div><\/div><div class=\"fusion-layout-column fusion_builder_column fusion-builder-column-1 fusion-flex-column\" style=\"--awb-bg-size:cover;--awb-width-large:80%;--awb-margin-top-large:0px;--awb-spacing-right-large:2.4%;--awb-margin-bottom-large:20px;--awb-spacing-left-large:2.4%;--awb-width-medium:100%;--awb-order-medium:0;--awb-spacing-right-medium:1.92%;--awb-spacing-left-medium:1.92%;--awb-width-small:100%;--awb-order-small:0;--awb-spacing-right-small:1.92%;--awb-spacing-left-small:1.92%;\"><div class=\"fusion-column-wrapper fusion-column-has-shadow fusion-flex-justify-content-flex-start fusion-content-layout-column\"><div class=\"fusion-text fusion-text-1\"><h3 style=\"text-align: center;\">POL\u00cdTICA DE PRIVACIDAD \u2013 PACIENTES<\/h3>\n<\/div><div id=\"CajaMayor\">\n    <h4 id=\"Tratamiento\"><span>1. RESPONSABLE DEL TRATAMIENTO<\/span><\/h4>\n    <div class=\"table-1\">\n        <table style=\"width: 100%; height: 168px;\" width=\"100%\">\n            <thead>\n                <tr style=\"height: 24px;\">\n                    <th>Hospital o Centro M\u00e9dico<\/th>\n                    <th>Responsable del Tratamiento<\/th>\n                <\/tr>\n            <\/thead>\n            <tbody>\n                <tr style=\"height: 24px;\">\n                    <td>\n                        <p>Hospital Viamed San Jos\u00e9<\/p>\n                        <p>Centro M\u00e9dico Viamed Zaraiche<\/p>\n                    <\/td>\n                    <td>\n                        <p>Cl\u00ednica M\u00e9dico-Quir\u00fargica San Jos\u00e9, S.A.<\/p>\n                        <p>Direcci\u00f3n postal: C\/ Maestra Lola Meseguer, s\/n. C.P. 30820 Alcantarilla (Murcia)<\/p>\n                        <p>Tel\u00e9fono: 968 800 600<\/p>\n                    <\/td>\n                <\/tr>\n            <\/tbody>\n        <\/table>\n    <\/div>\n    \u00a0\n    <h4 id=\"Proteccion\"><span>2. DELEGADO DE PROTECCI\u00d3N DE DATOS<\/span><\/h4>\n    <ul>\n        <li> <strong>Contacto<\/strong>: <a href=\"mailto:dpo@viamedsalud.com\">dpo@viamedsalud.com<\/a> <\/li>\n    <\/ul>\n\n    <h4 id=\"Tratamientos\"><span>3. TRATAMIENTOS NECESARIOS PARA LA ASISTENCIA Y GESTI\u00d3N SANITARIA<\/span><\/h4>\n    <p><strong>Finalidades<\/strong>:<\/p>\n    <ul>\n        <li> Prestar la asistencia sanitaria solicitada, lo que incluye la prevenci\u00f3n, diagn\u00f3stico y tratamiento sanitario, as\u00ed como el mantenimiento de su historia cl\u00ednica. <\/li>\n        <li> Gesti\u00f3n y facturaci\u00f3n de los servicios prestados. <\/li>\n        <li> Atenci\u00f3n de quejas, reclamaciones y sugerencias recibidas. <\/li>\n        <li> Gesti\u00f3n de citas y entrega de resultados: podr\u00e1 recibir llamadas, mensajes texto o correos electr\u00f3nicos, facilitado de contacto. <\/li>\n    <\/ul>\n    <p><strong>Base de legitimaci\u00f3n<\/strong>: Asistencia de la gesti\u00f3n sanitaria (art. 9.2.h del RGPD) y en cumplimiento de la ejecuci\u00f3n de un contrato (art. 6.1.b del RGPD). <\/p>\n    <p><strong>Plazo de conservaci\u00f3n<\/strong>: Datos personales incluidos en la historia cl\u00ednica del paciente se conservar\u00e1n durante un per\u00edodo m\u00ednimo de 5 a\u00f1os a contar desde la fecha de alta de cada proceso asistencial, salvo que dichos datos resulten necesarios para hacer frente a una reclamaci\u00f3n o ejercicio de derechos en cuyo caso se mantendr\u00e1n hasta la finalizaci\u00f3n de esta. <\/p>\n    <p> No obstante, existen diversos plazos espec\u00edficos establecidos por diversa normativa auton\u00f3mica, por lo que a continuaci\u00f3n se detallan los plazos generales aplicables a las Comunidades Aut\u00f3nomas donde el Grupo Viamed presta sus servicios. <\/p>\n    <div class=\"table-1\">\n        <table style=\"width: 50%; height: 168px; margin-left: auto; margin-right: auto;\">\n            <thead>\n                <tr style=\"height: 24px;\">\n                    <th>CC.AA.<\/th>\n                    <th>Plazo<\/th>\n                <\/tr>\n            <\/thead>\n            <tbody>\n                <tr style=\"height: 24px;\">\n                    <td>Catalu\u00f1a<\/td>\n                    <td>15 a\u00f1os<\/td>\n                <\/tr>\n                <tr style=\"height: 24px;\">\n                    <td>Madrid<\/td>\n                    <td>5 a\u00f1os<\/td>\n                <\/tr>\n                <tr style=\"height: 24px;\">\n                    <td>Andaluc\u00eda<\/td>\n                    <td>5 a\u00f1os<\/td>\n                <\/tr>\n                <tr style=\"height: 24px;\">\n                    <td>Arag\u00f3n<\/td>\n                    <td>5 a\u00f1os<\/td>\n                <\/tr>\n                <tr style=\"height: 24px;\">\n                    <td>La Rioja<\/td>\n                    <td>5 a\u00f1os<\/td>\n                <\/tr>\n                <tr style=\"height: 24px;\">\n                    <td>Murcia<\/td>\n                    <td>20 a\u00f1os<\/td>\n                <\/tr>\n            <\/tbody>\n        <\/table>\n    <\/div>\n    <p><strong>Destinatarios<\/strong>:<\/p>\n    <ul>\n        <li> Organismos, centros y servicios del Sistema Nacional o auton\u00f3mico de Salud, cuando resulte necesario para la prestaci\u00f3n de la asistencia o en los supuestos legalmente establecidos. <\/li>\n        <li> Cuando nos indique la existencia de un tercero que resulte obligado al pago de la asistencia sanitaria, se comunicar\u00e1n los datos necesarios para el abono de la asistencia (incluyendo de salud), a los terceros obligados al pago (ej. compa\u00f1\u00edas aseguradoras, mutualidades, etc.). Si el paciente fuese extracomunitario o poseyese una p\u00f3liza contratada fuera de la Uni\u00f3n Europea, y el tercero se encontrase ubicado fuera del Espacio Econ\u00f3mico Europeo, en un pa\u00eds cuya normativa de protecci\u00f3n de datos no fuese equiparable a la normativa, la transferencia internacional de datos ser\u00e1 necesaria para la ejecuci\u00f3n del contrato con el centro. <\/li>\n        <li> Cuando corresponda, entidades o Centros M\u00e9dicos que nos hayan derivado alguna asistencia sanitaria, para poder gestionar adem\u00e1s las garant\u00edas, autorizaciones y coberturas, as\u00ed como que puedan adoptar las medidas necesarias, incluyendo la interpretaci\u00f3n en caso de pacientes extranjeros y\/o realizar el seguimiento de pacientes tras el alta hospitalaria en Viamed. <\/li>\n        <li> En los supuestos en los que formule reclamaci\u00f3n, los datos personales y dem\u00e1s actuaciones relacionadas con la reclamaci\u00f3n, ser\u00e1n comunicadas a la corredur\u00eda y compa\u00f1\u00eda de seguros, con las que el centro o los profesionales reclamados mantengan contratadas p\u00f3lizas de seguro para la cobertura de riesgos relacionados con la responsabilidad civil del centro, para que dichas compa\u00f1\u00edas puedan hacer frente a las indemnizaciones y responsabilidades que en su caso se deriven. <\/li>\n        <li> Compa\u00f1\u00edas de seguros o empresas que nos hayan remitido sus datos, para la prestaci\u00f3n de los servicios sanitarios encomendados (ejemplo, reconocimientos m\u00e9dicos, asistencias tras accidentes de tr\u00e1fico, etc.) con la finalidad de facturar los servicios prestados y en su caso, seguimiento y comprobaci\u00f3n de las lesiones sufridas por el abono de las indemnizaciones que le correspondan por parte de la compa\u00f1\u00eda aseguradora. <\/li>\n        <li> Empresas responsables de la confecci\u00f3n o suministro de las pr\u00f3tesis, implantes o alg\u00fan otro material, prueba o servicio requerido en el tratamiento quir\u00fargico solicitado por el paciente, cuando as\u00ed sea requerido por la legislaci\u00f3n vigente, la cobertura de p\u00f3lizas de seguros suscritas por el paciente o resulte necesario para el abono de los tratamientos realizados o el inter\u00e9s vital del mismo. <\/li>\n        <li> En el supuesto de atenci\u00f3n sanitaria derivada de accidentes de tr\u00e1fico u otros hechos cubiertos por contratos de seguro, se comunicar\u00e1n los datos personales relativos a su expediente y lesiones a los terceros relacionados con la determinaci\u00f3n y\/o satisfacciones de las responsabilidades derivadas del accidente seg\u00fan se establece en la legislaci\u00f3n vigente. <\/li>\n        <li> Otros centros, laboratorios o facultativos en el supuesto en los que sea derivado para el estudio y an\u00e1lisis m\u00e1s \u00e1gil y eficaz del servicio m\u00e9dico solicitado. <\/li>\n        <li> Profesionales sanitarios y asistenciales que est\u00e9n implicados en el diagn\u00f3stico o tratamiento, incluyendo entre \u00e9stos a alumnos en formaci\u00f3n, al m\u00e9dico prescriptor de la asistencia y a aquellos profesionales del Centro o independientes que formen parte de sus comit\u00e9s m\u00e9dicos consultivos si a criterio de su m\u00e9dico su caso as\u00ed lo requiriese a efectos de un correcto diagn\u00f3stico y tratamiento. <\/li>\n        <li> En caso de que la asistencia sanitaria requiera servicios de laboratorios de anatom\u00eda patol\u00f3gica o de otras especialidades diagn\u00f3sticas, sus datos podr\u00e1n ser cedidos a laboratorios o servicios de diagn\u00f3stico externos para el an\u00e1lisis de las muestras o diagn\u00f3stico de im\u00e1genes y posterior facturaci\u00f3n. <\/li>\n        <li> Auditores externos en la medida necesaria para cumplir sus funciones. <\/li>\n        <li> En el resto de los supuestos previstos por la legislaci\u00f3n vigente. <\/li>\n    <\/ul>\n\n    <h4 id=\"Finalidad_adicional\"><span>4. FINALIDADES ADICIONALES <\/span><\/h4>\n\n    <p> <strong>Finalidad<\/strong>: <\/p>\n    <ul>\n        <li> Expedir justificantes de estancia en el hospital para el paciente y\/o acompa\u00f1antes que lo requieran. <\/li>\n        <li> Realizaci\u00f3n de proyectos de investigaci\u00f3n cient\u00edfica con datos pseudonimizados (proceso de separaci\u00f3n de los datos necesarios para realizar la investigaci\u00f3n de los identificativos, requiriendo informaci\u00f3n adicional para la reidentificaci\u00f3n del paciente). <\/li>\n    <\/ul>\n    <p> <strong>Base de legitimaci\u00f3n<\/strong>: <\/p>\n    <ul>\n        <li> <strong>Justificantes<\/strong>: Inter\u00e9s leg\u00edtimo en la emisi\u00f3n del justificante reflejando la asistencia o estancia en el Centro. <\/li>\n        <li> <strong>Investigaci\u00f3n<\/strong>: (excepci\u00f3n del art\u00edculo 9.2.j) RGPD y la Disposici\u00f3n Adicional Decimos\u00e9ptima LOPDGDD. <\/li>\n    <\/ul>\n    <p> <strong>Plazo de conservaci\u00f3n<\/strong>: <\/p>\n    <ul>\n        <li> <strong>Justificantes<\/strong>: Tratamiento \u00fanicamente para la emisi\u00f3n del justificante sin que sean conservados con posterioridad. <\/li>\n        <li> <strong>Investigaci\u00f3n<\/strong>: Conservaci\u00f3n durante el tiempo adecuado a cada caso seg\u00fan el tipo de estudio de investigaci\u00f3n en el que participe y teniendo en cuenta la normativa aplicable. <\/li>\n    <\/ul>\n    <p> <strong>Destinatarios<\/strong>: <\/p>\n    <ul>\n        <li> <strong>Justificantes<\/strong>: Acompa\u00f1ante que solicita el justificante. <\/li>\n        <li> <strong>Investigaci\u00f3n<\/strong>: En caso de cesi\u00f3n y\/o transferencia internacional de datos, se le informar\u00e1 de las mismas, as\u00ed como de las garant\u00edas para que puedan llevarse a cabo las transferencias o, en su defecto, se solicitar\u00e1 su consentimiento. <\/li>\n    <\/ul>\n\n    <h4 id=\"Tratamientos_opcionales\"><span>5. TRATAMIENTOS OPCIONALES<\/span><\/h4>\n\n    <p> <strong>Finalidades<\/strong>: <\/p>\n    <ul>\n        <li> Enviar recordatorios sobre la fecha y hora de las citas y pruebas concertadas para ayudar al paciente a prevenir el olvido de citas y recibir as\u00ed la asistencia sanitaria en el momento que la necesita, contribuyendo a mejorar la continuidad asistencial. Estos env\u00edos se realizar\u00e1n a los pacientes o representantes que tengan capacidad y madurez suficiente para consentir tratamientos sanitarios. <\/li>\n        <li> Enviar encuestas de calidad y satisfacci\u00f3n sobre los servicios sanitarios prestados para identificar posibles problemas, errores o \u00e1reas de mejora en la gesti\u00f3n del centro o en la prestaci\u00f3n de los servicios sanitarios. Estos env\u00edos se realizar\u00e1n a los pacientes o representantes que tengan capacidad y madurez suficiente para consentir tratamientos sanitarios. <\/li>\n        <li> Enviar informaci\u00f3n o contactarle para informarle sobre nuestras novedades, actividades o servicios. <\/li>\n    <\/ul>\n    <p> Estos env\u00edos o contacto se har\u00e1n por cualquier medio facilitado, incluyendo mail, tel\u00e9fono o Apps de mensajer\u00eda. <\/p>\n    <p> <strong>Base de legitimaci\u00f3n<\/strong>: Inter\u00e9s leg\u00edtimo, recogido en el art\u00edculo 6.1.f del RGPD, y en relaci\u00f3n con el considerando 47 del RGPD. <\/p>\n    <p> En cualquier momento puede oponerse a cada una de estas finalidades mediante uno de los siguientes medios: <\/p>\n    <ul>\n        <li> <strong>Formulario web<\/strong>: <a target=\"_blank\" href=\"https:\/\/www.viamedsalud.com\/hospital-san-jose\/infodatos\/formulario-de-baja\/\">https:\/\/www.viamedsalud.com\/hospital-san-jose\/infodatos\/formulario-de-baja\/<\/a><\/li>\n        <li> <strong>Contacto<\/strong>: <a href=\"mailto:bajasinfo.sanjose@viamedsalud.com\">bajasinfo.sanjose@viamedsalud.com<\/a><\/li>\n        <li> Formulario en papel en la recepci\u00f3n del centro hospitalario. <\/li>\n    <\/ul>\n    <p> Para poder tramitar su oposici\u00f3n correctamente, deber\u00e1 especificar exactamente los mismos datos que facilit\u00f3 inicialmente al centro. <\/p>\n\n    <h4 id=\"Forma_obtencion\"><span>6. FORMAS DE OBTENCI\u00d3N<\/span><\/h4>\n    <p> Los datos personales que tratamos pueden proceder: <\/p>\n    <ul>\n        <li> Del propio paciente o de su representante legal en el supuesto de menores e incapaces. <\/li>\n        <li> Los servicios sanitarios que le hayan atendido con anterioridad (ambulatorios, servicios de ambulancias, etc). <\/li>\n        <li> Familiares y\/o acompa\u00f1antes. <\/li>\n        <li> Profesionales sanitarios independientes\/externos\/ otros profesionales sanitarios. <\/li>\n        <li> Su empresa en caso de ofrecerle revisiones m\u00e9dicas. <\/li>\n        <li> Su compa\u00f1\u00eda aseguradora. <\/li>\n        <li> Responsables de plataformas online de venta de servicios m\u00e9dicos. <\/li>\n        <li> Autoridades policiales en caso de asistencia. <\/li>\n    <\/ul>\n\n    <p> Las categor\u00edas de datos que se tratan son las siguientes: <\/p>\n    <ul>\n        <li> Datos identificativos. <\/li>\n        <li> Datos de contacto. <\/li>\n        <li> Datos de salud e historial cl\u00ednico. <\/li>\n        <li> Datos de compa\u00f1\u00edas aseguradoras, mutualidades o terceros obligados al pago de los servicios prestados. <\/li>\n        <li> Datos econ\u00f3micos relativos a los servicios prestados. <\/li>\n    <\/ul>\n\n    <h4 id=\"Derechos_Interesado\"><span>7. DERECHOS DE LOS INTERESADOS<\/span><\/h4>\n    <p> Podr\u00e1 ejercer sus derechos a trav\u00e9s de: <\/p>\n    <ul>\n        <li> <strong>Correo electr\u00f3nico<\/strong>: <a href=\"mailto:dpo@viamedsalud.com\">dpo@viamedsalud.com<\/a> <\/li>\n        <li> <strong>Formulario web<\/strong>: <a target=\"_blank\" href=\"https:\/\/www.viamedsalud.com\/hospital-san-jose\/politica-de-privacidad\/ejercicio-de-derechos\/\">https:\/\/www.viamedsalud.com\/hospital-san-jose\/politica-de-privacidad\/ejercicio-de-derechos\/<\/a><\/li>\n        <li> As\u00ed como en el mostrados de atenci\u00f3n al p\u00fablico de nuestro centro. <\/li>\n    <\/ul>\n    <p> Tiene derecho a: <\/p>\n    <ul>\n        <li> Obtener confirmaci\u00f3n sobre si estamos tratando sus datos. <\/li>\n        <li> Acceder a sus datos y solicitar la rectificaci\u00f3n de datos inexactos. <\/li>\n        <li> Solicitar la supresi\u00f3n de sus datos cuando ya no sean necesarios para los fines para los que fueron recogidos. <\/li>\n        <li> En determinadas circunstancias, limitar el tratamiento en sus datos o solicitar la portabilidad de los mismos. <\/li>\n        <li> Oponerse a los tratamientos opcionales de sus datos. <\/li>\n        <li> En su caso, presentar una reclamaci\u00f3n ante la Agencia Espa\u00f1ola de Protecci\u00f3n de Datos <a href=\"www.aepd.es\">(www.aepd.es)<\/a> o ante nuestro Delegado de Protecci\u00f3n de Datos <a href=\"mailto:dpo@viamedsalud.com\">(dpo@viamedsalud.com)<\/a> <\/li>\n    <\/ul>\n    <h4 id=\"Version\"><span>8. VERSI\u00d3N<\/span><\/h4>\n    <p> Esta pol\u00edtica de privacidad es de fecha 21\/02\/2025 y cualquier modificaci\u00f3n de sus t\u00e9rminos ser\u00e1 publicada en esta p\u00e1gina web. <\/p>\n<\/div><script>\nfunction showMenu(e){\n  e.preventDefault();\n  $(\"#TratamientosToggle\").slideToggle();\n}\n\nfunction hideMenu(){\n  $(\"#TratamientosToggle\").slideUp();\n}\n\n$(window).scroll(function () {\n  var y = $(this).scrollTop();\n  if (y > 550) {\n    $(\".legal-menu\").addClass(\"scrolldown\");\n  } else {\n    $(\".legal-menu\").removeClass(\"scrolldown\");\n  }\n});\n\n<\/script><\/div><\/div><\/div><\/div>\n","protected":false},"excerpt":{"rendered":"","protected":false},"author":1,"featured_media":0,"parent":0,"menu_order":0,"comment_status":"closed","ping_status":"closed","template":"","meta":{"_acf_changed":false,"footnotes":""},"class_list":["post-2290","page","type-page","status-publish","hentry"],"acf":[],"aioseo_notices":[],"_links":{"self":[{"href":"https:\/\/www.viamedsalud.com\/hospital-san-jose\/wp-json\/wp\/v2\/pages\/2290","targetHints":{"allow":["GET"]}}],"collection":[{"href":"https:\/\/www.viamedsalud.com\/hospital-san-jose\/wp-json\/wp\/v2\/pages"}],"about":[{"href":"https:\/\/www.viamedsalud.com\/hospital-san-jose\/wp-json\/wp\/v2\/types\/page"}],"author":[{"embeddable":true,"href":"https:\/\/www.viamedsalud.com\/hospital-san-jose\/wp-json\/wp\/v2\/users\/1"}],"replies":[{"embeddable":true,"href":"https:\/\/www.viamedsalud.com\/hospital-san-jose\/wp-json\/wp\/v2\/comments?post=2290"}],"version-history":[{"count":2,"href":"https:\/\/www.viamedsalud.com\/hospital-san-jose\/wp-json\/wp\/v2\/pages\/2290\/revisions"}],"predecessor-version":[{"id":10297,"href":"https:\/\/www.viamedsalud.com\/hospital-san-jose\/wp-json\/wp\/v2\/pages\/2290\/revisions\/10297"}],"wp:attachment":[{"href":"https:\/\/www.viamedsalud.com\/hospital-san-jose\/wp-json\/wp\/v2\/media?parent=2290"}],"curies":[{"name":"wp","href":"https:\/\/api.w.org\/{rel}","templated":true}]}}