{"id":1854,"date":"2020-12-09T14:01:47","date_gmt":"2020-12-09T12:01:47","guid":{"rendered":"https:\/\/www.viamedsalud.com\/montecanal\/?page_id=1854"},"modified":"2024-11-13T13:12:47","modified_gmt":"2024-11-13T11:12:47","slug":"federaciones-deportivas","status":"publish","type":"page","link":"https:\/\/www.viamedsalud.com\/hospital-montecanal\/federaciones-deportivas\/","title":{"rendered":"Federaciones Deportivas"},"content":{"rendered":"<p><div class=\"fusion-fullwidth fullwidth-box fusion-builder-row-1 fusion-flex-container has-pattern-background has-mask-background hundred-percent-fullwidth non-hundred-percent-height-scrolling\" style=\"--awb-border-radius-top-left:0px;--awb-border-radius-top-right:0px;--awb-border-radius-bottom-right:0px;--awb-border-radius-bottom-left:0px;--awb-padding-right:0px;--awb-padding-left:0px;--awb-flex-wrap:wrap;\" ><div class=\"fusion-builder-row fusion-row fusion-flex-align-items-flex-start fusion-flex-content-wrap\" style=\"width:104% !important;max-width:104% !important;margin-left: calc(-4% \/ 2 );margin-right: calc(-4% \/ 2 );\"><div class=\"fusion-layout-column fusion_builder_column fusion-builder-column-0 fusion_builder_column_1_1 1_1 fusion-flex-column\" style=\"--awb-bg-size:cover;--awb-width-large:100%;--awb-margin-top-large:0px;--awb-spacing-right-large:1.92%;--awb-margin-bottom-large:20px;--awb-spacing-left-large:1.92%;--awb-width-medium:100%;--awb-order-medium:0;--awb-spacing-right-medium:1.92%;--awb-spacing-left-medium:1.92%;--awb-width-small:100%;--awb-order-small:0;--awb-spacing-right-small:1.92%;--awb-spacing-left-small:1.92%;\" data-scroll-devices=\"small-visibility,medium-visibility,large-visibility\"><div class=\"fusion-column-wrapper fusion-column-has-shadow fusion-flex-justify-content-flex-start fusion-content-layout-column\"><!--  SLIDER  -->\n<div id=\"img-content\">\n\t<div class=\"img-page_title quienes-somos-title\" style=\"background-image: linear-gradient(to right, #27aae1c4 35%, rgba(255, 0, 0, 0) 55%), url(https:\/\/www.viamedsalud.com\/hospital-montecanal\/wp-content\/uploads\/sites\/8\/2021\/03\/foto5.jpg);border-bottom: 8px solid #27aae1;\">\n\t\t<div class=\"img-page-title-row\">\n\t\t\t<div class=\"img-page-title-wrapper\">\n\t\t\t\t<div class=\"img-page-title-captions\" style=\"display: block;text-align: left;\">\n\t\t\t\t\t<h1 class=\"title fusion-responsive-typography-calculated\" style=\"width: 40%; padding-left: 30px; font-size: 70px;line-height: initial;font-style: normal !important;color: white !important;--fontSize: 34;\" data-fontsize=\"70\" data-lineheight=\"normal\">FEDERACIONES DEPORTIVAS<\/h1>\n\t\t\t\t<\/div>\n\t\t\t<\/div>\n\t\t<\/div>\n\t<\/div>\n<\/div><\/div><\/div><\/div><\/div><div class=\"fusion-fullwidth fullwidth-box fusion-builder-row-2 fusion-flex-container has-pattern-background has-mask-background nonhundred-percent-fullwidth non-hundred-percent-height-scrolling\" style=\"--awb-border-radius-top-left:0px;--awb-border-radius-top-right:0px;--awb-border-radius-bottom-right:0px;--awb-border-radius-bottom-left:0px;--awb-padding-top:60px;--awb-padding-right:5%;--awb-padding-bottom:60px;--awb-padding-left:5%;--awb-padding-top-medium:60px;--awb-padding-right-medium:4%;--awb-padding-bottom-medium:60px;--awb-padding-left-medium:4%;--awb-padding-top-small:40px;--awb-padding-right-small:4%;--awb-padding-bottom-small:40px;--awb-padding-left-small:4%;--awb-margin-top:0px;--awb-margin-bottom:0px;--awb-flex-wrap:wrap;\" ><div class=\"fusion-builder-row fusion-row fusion-flex-align-items-flex-start fusion-flex-content-wrap\" style=\"max-width:1248px;margin-left: calc(-4% \/ 2 );margin-right: calc(-4% \/ 2 );\"><div class=\"fusion-layout-column fusion_builder_column fusion-builder-column-1 fusion_builder_column_1_1 1_1 fusion-flex-column\" style=\"--awb-bg-size:cover;--awb-width-large:100%;--awb-margin-top-large:0px;--awb-spacing-right-large:1.92%;--awb-margin-bottom-large:20px;--awb-spacing-left-large:1.92%;--awb-width-medium:100%;--awb-order-medium:0;--awb-spacing-right-medium:1.92%;--awb-spacing-left-medium:1.92%;--awb-width-small:100%;--awb-order-small:0;--awb-spacing-right-small:1.92%;--awb-spacing-left-small:1.92%;\"><div class=\"fusion-column-wrapper fusion-column-has-shadow fusion-flex-justify-content-flex-start fusion-content-layout-column\"><div class=\"fusion-text fusion-text-1\"><p>Somos el centro de referencia para las principales federaciones deportivas de Arag\u00f3n.<\/p>\n<\/div><div class=\"fusion-text fusion-text-2\"><p>Desde su apertura, el Hospital Viamed Montecanal atiende a la mayor parte de Federaciones Deportivas de Arag\u00f3n (f\u00fatbol, baloncesto, h\u00edpica, ciclismo, patinaje&#8230; entre otras), lo que supone la atenci\u00f3n a m\u00e1s de 100.000 deportistas.<\/p>\n<p>Nuestro equipo multidisciplinar es experto en medicina deportiva y est\u00e1 adaptado a las necesidades especiales de los\u00a0 deportistas, que incluyen:<\/p>\n<p>&#8211; Servicio de Urgencias 24 horas del d\u00eda, reforzado por especialistas en Medicina del Deporte todos los fines de semana y un equipo de especialistas en Traumatolog\u00eda y Cirug\u00eda Ortop\u00e9dica de guardia localizada para cualquier intervenci\u00f3n quir\u00fargica de urgencia que pueda surgir los 365 d\u00edas del a\u00f1o.<\/p>\n<p>&#8211; Consultas de seguimiento de Traumatolog\u00eda, Medicina Deportiva, Fisioterapia y tambi\u00e9n otras especialidades que ofrecen una atenci\u00f3n sanitaria global a los deportistas.<\/p>\n<p>&#8211; Nuestra atenci\u00f3n incluye la hospitalizaci\u00f3n en habitaci\u00f3n individual, la cirug\u00eda si es precisa, y la realizaci\u00f3n todas las pruebas diagn\u00f3sticas necesarias, como la Resonancia Magn\u00e9tica de 3 Teslas o el TAC Helicoidal de alta resoluci\u00f3n.<\/p>\n<p>&#8211; Disponemos de Centros M\u00e9dicos de referencia en las principales localidades de Huesca, Teruel y Zaragoza para hacer m\u00e1s eficaz y c\u00f3modo el seguimiento.<\/p>\n<p>Nuestros m\u00e1s de 10 a\u00f1os de experiencia nos ha convertido en un referente nacional en la Medicina Deportiva.<\/p>\n<\/div><\/div><\/div><\/div><\/div><\/p>\n","protected":false},"excerpt":{"rendered":"","protected":false},"author":1,"featured_media":0,"parent":0,"menu_order":0,"comment_status":"closed","ping_status":"closed","template":"100-width.php","meta":{"_acf_changed":false,"footnotes":""},"class_list":["post-1854","page","type-page","status-publish","hentry"],"acf":[],"aioseo_notices":[],"_links":{"self":[{"href":"https:\/\/www.viamedsalud.com\/hospital-montecanal\/wp-json\/wp\/v2\/pages\/1854","targetHints":{"allow":["GET"]}}],"collection":[{"href":"https:\/\/www.viamedsalud.com\/hospital-montecanal\/wp-json\/wp\/v2\/pages"}],"about":[{"href":"https:\/\/www.viamedsalud.com\/hospital-montecanal\/wp-json\/wp\/v2\/types\/page"}],"author":[{"embeddable":true,"href":"https:\/\/www.viamedsalud.com\/hospital-montecanal\/wp-json\/wp\/v2\/users\/1"}],"replies":[{"embeddable":true,"href":"https:\/\/www.viamedsalud.com\/hospital-montecanal\/wp-json\/wp\/v2\/comments?post=1854"}],"version-history":[{"count":6,"href":"https:\/\/www.viamedsalud.com\/hospital-montecanal\/wp-json\/wp\/v2\/pages\/1854\/revisions"}],"predecessor-version":[{"id":9668,"href":"https:\/\/www.viamedsalud.com\/hospital-montecanal\/wp-json\/wp\/v2\/pages\/1854\/revisions\/9668"}],"wp:attachment":[{"href":"https:\/\/www.viamedsalud.com\/hospital-montecanal\/wp-json\/wp\/v2\/media?parent=1854"}],"curies":[{"name":"wp","href":"https:\/\/api.w.org\/{rel}","templated":true}]}}